{"id":20177,"date":"2021-09-02T14:36:27","date_gmt":"2021-09-02T11:36:27","guid":{"rendered":"https:\/\/ekukka.fi\/wp2\/?page_id=20177"},"modified":"2025-04-25T08:23:41","modified_gmt":"2025-04-25T05:23:41","slug":"runoja-isalle","status":"publish","type":"page","link":"https:\/\/ekukka.fi\/wp2\/vinkit\/isanpaivakukat\/runoja-isalle\/","title":{"rendered":"Runoja is\u00e4lle"},"content":{"rendered":"<p>[et_pb_section fb_built=&#8221;1&#8243; fullwidth=&#8221;on&#8221; _builder_version=&#8221;4.27.4&#8243; _module_preset=&#8221;default&#8221; use_background_color_gradient=&#8221;on&#8221; background_color_gradient_stops=&#8221;rgba(0,0,0,0.1) 0%|rgba(0,0,0,0.61) 100%&#8221; background_color_gradient_overlays_image=&#8221;on&#8221; background_color_gradient_start=&#8221;rgba(0,0,0,0.1)&#8221; background_color_gradient_end=&#8221;rgba(0,0,0,0.61)&#8221; background_image=&#8221;https:\/\/ekukka.fi\/wp2\/wp-content\/uploads\/2025\/04\/isa\u0308npa\u0308iva\u0308-ekukka.jpg&#8221; hover_enabled=&#8221;0&#8243; global_colors_info=&#8221;{}&#8221; title_text=&#8221;isa\u0308npa\u0308iva\u0308-ekukka&#8221; sticky_enabled=&#8221;0&#8243;][et_pb_fullwidth_header title=&#8221;Runoja is\u00e4lle&#8221; text_orientation=&#8221;center&#8221; _builder_version=&#8221;4.16&#8243; _module_preset=&#8221;default&#8221; title_font=&#8221;Dancing Script|700|||||||&#8221; title_font_size=&#8221;60px&#8221; title_line_height=&#8221;1.2em&#8221; subhead_font=&#8221;EB Garamond|500|||||||&#8221; subhead_font_size=&#8221;24px&#8221; background_enable_color=&#8221;off&#8221; custom_padding=&#8221;140px||140px||true|false&#8221; animation_style=&#8221;fade&#8221; animation_direction=&#8221;bottom&#8221; title_font_size_tablet=&#8221;&#8221; title_font_size_phone=&#8221;52px&#8221; title_font_size_last_edited=&#8221;on|phone&#8221; title_text_shadow_style=&#8221;preset3&#8243; title_text_shadow_color=&#8221;rgba(0,0,0,0.38)&#8221; subhead_text_shadow_style=&#8221;preset3&#8243; subhead_text_shadow_color=&#8221;rgba(0,0,0,0.38)&#8221; global_colors_info=&#8221;{}&#8221;][\/et_pb_fullwidth_header][\/et_pb_section][et_pb_section fb_built=&#8221;1&#8243; _builder_version=&#8221;4.6.6&#8243; _module_preset=&#8221;default&#8221; background_color=&#8221;#fafafa&#8221; custom_padding=&#8221;0px||0px|||&#8221; global_module=&#8221;4662&#8243; global_colors_info=&#8221;{}&#8221;][et_pb_row _builder_version=&#8221;4.16&#8243; _module_preset=&#8221;default&#8221; global_colors_info=&#8221;{}&#8221;][et_pb_column type=&#8221;4_4&#8243; _builder_version=&#8221;4.16&#8243; _module_preset=&#8221;default&#8221; global_colors_info=&#8221;{}&#8221;][lwp_divi_breadcrumbs home_text=&#8221;Etusivu&#8221; _builder_version=&#8221;4.16&#8243; _module_preset=&#8221;default&#8221; global_colors_info=&#8221;{}&#8221;][\/lwp_divi_breadcrumbs][\/et_pb_column][\/et_pb_row][\/et_pb_section][et_pb_section fb_built=&#8221;1&#8243; admin_label=&#8221;Explore Story Section&#8221; _builder_version=&#8221;4.16&#8243; custom_padding=&#8221;60px||80px|||&#8221; global_colors_info=&#8221;{}&#8221;][et_pb_row admin_label=&#8221;Text Area&#8221; _builder_version=&#8221;4.16&#8243; max_width=&#8221;700px&#8221; custom_padding=&#8221;20px|||&#8221; use_custom_width=&#8221;on&#8221; custom_width_px=&#8221;700px&#8221; global_colors_info=&#8221;{}&#8221;][et_pb_column type=&#8221;4_4&#8243; _builder_version=&#8221;4.16&#8243; custom_padding=&#8221;|||&#8221; global_colors_info=&#8221;{}&#8221; custom_padding__hover=&#8221;|||&#8221;][et_pb_text admin_label=&#8221;Title&#8221; _builder_version=&#8221;4.16&#8243; text_font=&#8221;||||||||&#8221; header_font=&#8221;EB Garamond||||||||&#8221; header_2_font=&#8221;EB Garamond|600|||||||&#8221; header_2_text_align=&#8221;center&#8221; header_2_text_color=&#8221;#042A2B&#8221; header_2_font_size=&#8221;36px&#8221; header_2_line_height=&#8221;1.4em&#8221; custom_margin=&#8221;||5px|&#8221; animation_style=&#8221;fade&#8221; animation_direction=&#8221;bottom&#8221; animation_starting_opacity=&#8221;100%&#8221; global_colors_info=&#8221;{}&#8221;]<\/p>\n<h2>Kukat kertovat enemm\u00e4n kuin tuhat sanaa, mutta kukkal\u00e4hetykseen liitetty runo viimeistelee yll\u00e4tyksen. Kerro is\u00e4lle tunteistasi runojen avulla.\u00a0<\/h2>\n<p>[\/et_pb_text][et_pb_divider color=&#8221;#DDC9B4&#8243; divider_position=&#8221;center&#8221; divider_weight=&#8221;8px&#8221; _builder_version=&#8221;4.16&#8243; max_width=&#8221;50px&#8221; module_alignment=&#8221;center&#8221; animation_style=&#8221;fade&#8221; global_colors_info=&#8221;{}&#8221;][\/et_pb_divider][\/et_pb_column][\/et_pb_row][et_pb_row admin_label=&#8221;Text Area&#8221; _builder_version=&#8221;4.16&#8243; max_width=&#8221;700px&#8221; custom_padding=&#8221;20px|||&#8221; use_custom_width=&#8221;on&#8221; custom_width_px=&#8221;700px&#8221; global_colors_info=&#8221;{}&#8221;][et_pb_column type=&#8221;4_4&#8243; _builder_version=&#8221;4.16&#8243; custom_padding=&#8221;|||&#8221; global_colors_info=&#8221;{}&#8221; custom_padding__hover=&#8221;|||&#8221;][et_pb_text _builder_version=&#8221;4.16&#8243; text_font=&#8221;|300|||||||&#8221; text_font_size=&#8221;18px&#8221; text_line_height=&#8221;1.8em&#8221; text_orientation=&#8221;center&#8221; animation_style=&#8221;fade&#8221; animation_direction=&#8221;bottom&#8221; animation_starting_opacity=&#8221;100%&#8221; global_colors_info=&#8221;{}&#8221;]<\/p>\n<div class=\"wpb_text_column wpb_content_element \">\n<div class=\"wpb_wrapper\">\n<p>Is\u00e4np\u00e4iv\u00e4runot kruunaavat t\u00e4rke\u00e4n p\u00e4iv\u00e4n. Runoja on kiva lukea ja niit\u00e4 voi kokeilla kirjoittaa my\u00f6s itse. Rakkaalta l\u00e4himm\u00e4iselt\u00e4 saatu runo l\u00e4mmitt\u00e4\u00e4 mielt\u00e4 \u2013 lapselta is\u00e4lle tai vaimolta miehelle, runojen sis\u00e4lt\u00f6 kertoo kiitollisuudestasi ja rakkaudestasi. Liit\u00e4 kaunis runo kukkalahjaan ja onnittele tai muista rakasta is\u00e4\u00e4si, isois\u00e4\u00e4si tai is\u00e4hahmoasi.<\/p>\n<\/div>\n<\/div>\n<p>[\/et_pb_text][\/et_pb_column][\/et_pb_row][et_pb_row admin_label=&#8221;Contributor CTA&#8221; _builder_version=&#8221;4.16&#8243; custom_margin=&#8221;|||&#8221; custom_padding=&#8221;19px|||&#8221; global_colors_info=&#8221;{}&#8221;][et_pb_column type=&#8221;4_4&#8243; _builder_version=&#8221;4.16&#8243; custom_padding=&#8221;|||&#8221; global_colors_info=&#8221;{}&#8221; custom_padding__hover=&#8221;|||&#8221;][et_pb_button button_url=&#8221;\/&#8221; button_text=&#8221;Tilaa kukat is\u00e4lle&#8221; button_alignment=&#8221;center&#8221; _builder_version=&#8221;4.16&#8243; _module_preset=&#8221;default&#8221; custom_button=&#8221;on&#8221; button_text_color=&#8221;#ffffff&#8221; button_bg_color=&#8221;#54A800&#8243; button_border_color=&#8221;#54A800&#8243; global_colors_info=&#8221;{}&#8221; button_bg_color__hover_enabled=&#8221;on|hover&#8221; button_bg_color__hover=&#8221;#fc5e6c&#8221; button_bg_enable_color__hover=&#8221;on&#8221; button_border_color__hover_enabled=&#8221;on|hover&#8221; button_border_color__hover=&#8221;#fc5e6c&#8221;][\/et_pb_button][\/et_pb_column][\/et_pb_row][\/et_pb_section][et_pb_section fb_built=&#8221;1&#8243; _builder_version=&#8221;4.16&#8243; _module_preset=&#8221;default&#8221; background_color=&#8221;#fafafa&#8221; global_colors_info=&#8221;{}&#8221;][et_pb_row column_structure=&#8221;1_2,1_2&#8243; _builder_version=&#8221;4.16&#8243; _module_preset=&#8221;default&#8221; global_colors_info=&#8221;{}&#8221;][et_pb_column type=&#8221;1_2&#8243; _builder_version=&#8221;4.16&#8243; _module_preset=&#8221;default&#8221; global_colors_info=&#8221;{}&#8221;][et_pb_image src=&#8221;https:\/\/ekukka.fi\/wp2\/wp-content\/uploads\/2023\/02\/tummat-leikkokukat-isanpaiva.jpg&#8221; _builder_version=&#8221;4.21.0&#8243; _module_preset=&#8221;default&#8221; global_colors_info=&#8221;{}&#8221;][\/et_pb_image][\/et_pb_column][et_pb_column type=&#8221;1_2&#8243; _builder_version=&#8221;4.16&#8243; _module_preset=&#8221;default&#8221; global_colors_info=&#8221;{}&#8221;][et_pb_text _builder_version=&#8221;4.16&#8243; text_font=&#8221;|300|||||||&#8221; text_font_size=&#8221;18px&#8221; text_line_height=&#8221;1.8em&#8221; custom_padding=&#8221;60px||0px||false|false&#8221; animation_style=&#8221;fade&#8221; animation_direction=&#8221;bottom&#8221; animation_starting_opacity=&#8221;100%&#8221; global_colors_info=&#8221;{}&#8221;]<\/p>\n<p style=\"text-align: center;\"><strong><em>Maailman paras is\u00e4!<\/em><\/strong><strong><em> <\/em><\/strong><\/p>\n<p style=\"text-align: center;\"><strong><em>Sun kanssas on aina kes\u00e4.<\/em><\/strong><\/p>\n<p style=\"text-align: center;\"><strong><em>Oot iloinen kuin aurinko,<\/em><\/strong><\/p>\n<p style=\"text-align: center;\"><strong><em>meid\u00e4n perheen koomikko.<\/em><\/strong><\/p>\n<p style=\"text-align: center;\"><strong><em>Rakastan sua kuuhun ja takas,<\/em><\/strong><\/p>\n<p style=\"text-align: center;\"><strong><em>oot mulle hyvin t\u00e4rke\u00e4 ja rakas!<\/em><\/strong><\/p>\n<p style=\"text-align: center;\"><strong><em>&#8211; eKukka.fi &#8211;<\/em><\/strong><\/p>\n<p>[\/et_pb_text][\/et_pb_column][\/et_pb_row][\/et_pb_section][et_pb_section fb_built=&#8221;1&#8243; _builder_version=&#8221;4.16&#8243; _module_preset=&#8221;default&#8221; global_colors_info=&#8221;{}&#8221;][et_pb_row column_structure=&#8221;1_3,1_3,1_3&#8243; _builder_version=&#8221;4.16&#8243; _module_preset=&#8221;default&#8221; global_colors_info=&#8221;{}&#8221;][et_pb_column type=&#8221;1_3&#8243; _builder_version=&#8221;4.16&#8243; _module_preset=&#8221;default&#8221; global_colors_info=&#8221;{}&#8221;][et_pb_text _builder_version=&#8221;4.16&#8243; _module_preset=&#8221;default&#8221; global_colors_info=&#8221;{}&#8221;]<\/p>\n<div class=\"wpb_text_column wpb_content_element \">\n<div class=\"wpb_wrapper\">\n<p>Is\u00e4 \u2013 sin\u00e4 olet meille t\u00e4rkein \u2013 onnea rakas is\u00e4!<\/p>\n<p>\u2013 eKukka.fi \u2013<\/p>\n<p>&nbsp;<\/p>\n<p>Ne nousevat lapsuusmuistot nuo,<br \/>ne aukee maailmat armaat,<br \/>n\u00e4en silm\u00e4t m\u00e4 is\u00e4ni lempe\u00e4n taas<br \/>ja taattoni hapset harmaat,<br \/>Se vast\u00b4oli mies!<br \/>Se taruja ties,<br \/>kun joutui ilta ja leimusi lies.<\/p>\n<p>&#8211; Eino Leino &#8211;\u00a0<\/p>\n<\/div>\n<\/div>\n<p>[\/et_pb_text][\/et_pb_column][et_pb_column type=&#8221;1_3&#8243; _builder_version=&#8221;4.16&#8243; _module_preset=&#8221;default&#8221; global_colors_info=&#8221;{}&#8221;][et_pb_text _builder_version=&#8221;4.16&#8243; _module_preset=&#8221;default&#8221; global_colors_info=&#8221;{}&#8221;]<\/p>\n<div class=\"wpb_text_column wpb_content_element \">\n<div class=\"wpb_wrapper\">\n<p>Sin\u00e4 olet meille t\u00e4rkein \u2013 onnea rakas is\u00e4! Onnea juhlap\u00e4iv\u00e4n\u00e4si.<\/p>\n<p>Is\u00e4 \u2013 matka meill\u00e4 pitk\u00e4 on k\u00e4yd\u00e4 vierailulla \u2013 onneks kukka voi luokses tulla!<\/p>\n<p>\u2013 eKukka.fi \u2013<\/p>\n<p>&nbsp;<\/p>\n<p>Kukkien tuoksuja ja muistoja \u2013 Is\u00e4, t\u00e4n\u00e4\u00e4n tahdon sinua kaikesta kiitt\u00e4\u00e4.<\/p>\n<p>\u2013 eKukka.fi \u2013<\/p>\n<\/div>\n<\/div>\n<p>[\/et_pb_text][\/et_pb_column][et_pb_column type=&#8221;1_3&#8243; _builder_version=&#8221;4.16&#8243; _module_preset=&#8221;default&#8221; global_colors_info=&#8221;{}&#8221;][et_pb_text _builder_version=&#8221;4.16&#8243; _module_preset=&#8221;default&#8221; global_colors_info=&#8221;{}&#8221;]<\/p>\n<p>Kas s\u00e4ngyn p\u00e4\u00e4ll\u00e4 peittonsa alla<br \/>on is\u00e4ll\u00e4 pes\u00e4 kuin oravalla<br \/>ja lapset ne siin\u00e4 leikki\u00e4 ly\u00f6<br \/>mut isk\u00e4 vain ruokaa sy\u00f6.<\/p>\n<p>on siin\u00e4 komia ja l\u00e4mmin peitto<br \/>ja isille tehty todella maukas keitto<br \/>ja suurenmoiset ikkunat<br \/>et isk\u00e4 saa ulos katsella<\/p>\n<p>\u2013 Aleksis Kivi &#8211;<\/p>\n<p>[\/et_pb_text][\/et_pb_column][\/et_pb_row][\/et_pb_section][et_pb_section fb_built=&#8221;1&#8243; _builder_version=&#8221;4.16&#8243; _module_preset=&#8221;default&#8221; background_color=&#8221;#fafafa&#8221; global_colors_info=&#8221;{}&#8221;][et_pb_row column_structure=&#8221;1_3,1_3,1_3&#8243; _builder_version=&#8221;4.16&#8243; _module_preset=&#8221;default&#8221; global_colors_info=&#8221;{}&#8221;][et_pb_column type=&#8221;1_3&#8243; _builder_version=&#8221;4.16&#8243; _module_preset=&#8221;default&#8221; global_colors_info=&#8221;{}&#8221;][et_pb_text _builder_version=&#8221;4.16&#8243; _module_preset=&#8221;default&#8221; global_colors_info=&#8221;{}&#8221;]<\/p>\n<p>Ei ole suurempaa rakkauden valaa<br \/>kuin se, ett\u00e4 lapsesi sua halaa<br \/>ja se, ett\u00e4 pieness\u00e4 syd\u00e4mess\u00e4<br \/>Sinulle juuri<br \/>on varattu paikka<br \/>niin valtavan suuri<\/p>\n<p>&#8211; Eino Leino &#8211;\u00a0<\/p>\n<p>[\/et_pb_text][\/et_pb_column][et_pb_column type=&#8221;1_3&#8243; _builder_version=&#8221;4.16&#8243; _module_preset=&#8221;default&#8221; global_colors_info=&#8221;{}&#8221;][et_pb_text _builder_version=&#8221;4.16&#8243; _module_preset=&#8221;default&#8221; global_colors_info=&#8221;{}&#8221;]<\/p>\n<p>Ik\u00e4v\u00f6i, ihminen,<br \/>kaipaa kauneinta, muiston ja toiveen,<br \/>p\u00e4ivi\u00e4 lapsuuden, aikoja armaita<br \/>hempe\u00e4n toiveen,<br \/>is\u00e4\u00e4 ja \u00e4iti\u00e4,<br \/>velji\u00e4, siskoja vierailla mailla.<\/p>\n<p>\u2013 Eino Leino &#8211;<\/p>\n<p>[\/et_pb_text][\/et_pb_column][et_pb_column type=&#8221;1_3&#8243; _builder_version=&#8221;4.16&#8243; _module_preset=&#8221;default&#8221; global_colors_info=&#8221;{}&#8221;][et_pb_text _builder_version=&#8221;4.16&#8243; _module_preset=&#8221;default&#8221; global_colors_info=&#8221;{}&#8221;]<\/p>\n<p><span>Is\u00e4n turva on lapsen tarpeista voimakkain.<\/span><\/p>\n<p><span>\u2013 Sigmund Freud &#8211;<\/span><\/p>\n<p>[\/et_pb_text][\/et_pb_column][\/et_pb_row][\/et_pb_section][et_pb_section fb_built=&#8221;1&#8243; _builder_version=&#8221;4.16&#8243; _module_preset=&#8221;default&#8221; background_enable_color=&#8221;off&#8221; global_colors_info=&#8221;{}&#8221;][et_pb_row column_structure=&#8221;1_2,1_2&#8243; module_class=&#8221;reverse-on-mobile&#8221; _builder_version=&#8221;4.16&#8243; _module_preset=&#8221;default&#8221; global_colors_info=&#8221;{}&#8221;][et_pb_column type=&#8221;1_2&#8243; _builder_version=&#8221;4.16&#8243; _module_preset=&#8221;default&#8221; global_colors_info=&#8221;{}&#8221;][et_pb_text _builder_version=&#8221;4.16&#8243; text_font=&#8221;|300|||||||&#8221; text_font_size=&#8221;18px&#8221; text_line_height=&#8221;1.8em&#8221; custom_padding=&#8221;30px||||false|false&#8221; animation_style=&#8221;fade&#8221; animation_direction=&#8221;bottom&#8221; animation_starting_opacity=&#8221;100%&#8221; global_colors_info=&#8221;{}&#8221;]<\/p>\n<p style=\"text-align: center;\"><em><strong>T\u00e4n\u00e4\u00e4n on sinun p\u00e4iv\u00e4si nauttia,<\/strong><\/em><\/p>\n<p style=\"text-align: center;\"><em><strong>nyt on aika juhlia ja tanssia!<\/strong><\/em><\/p>\n<p style=\"text-align: center;\"><em><strong>Sy\u00f6d\u00e4\u00e4n kakkua, juodaan kahvia,<\/strong><\/em><\/p>\n<p style=\"text-align: center;\"><em><strong>ihastellaan kukkia ja lahjoja.<\/strong><\/em><\/p>\n<p style=\"text-align: center;\"><em><strong>Hyv\u00e4\u00e4 is\u00e4np\u00e4iv\u00e4\u00e4!<\/strong><\/em><\/p>\n<p style=\"text-align: center;\"><em><strong>&#8211; eKukka.fi &#8211;<\/strong><\/em><\/p>\n<p>[\/et_pb_text][\/et_pb_column][et_pb_column type=&#8221;1_2&#8243; _builder_version=&#8221;4.16&#8243; _module_preset=&#8221;default&#8221; global_colors_info=&#8221;{}&#8221;][et_pb_image src=&#8221;https:\/\/ekukka.fi\/wp2\/wp-content\/uploads\/2023\/02\/kimppu-isalle-2.jpg&#8221; _builder_version=&#8221;4.21.0&#8243; _module_preset=&#8221;default&#8221; global_colors_info=&#8221;{}&#8221;][\/et_pb_image][\/et_pb_column][\/et_pb_row][\/et_pb_section][et_pb_section fb_built=&#8221;1&#8243; _builder_version=&#8221;4.16&#8243; _module_preset=&#8221;default&#8221; background_color=&#8221;#fafafa&#8221; global_colors_info=&#8221;{}&#8221;][et_pb_row column_structure=&#8221;1_3,1_3,1_3&#8243; _builder_version=&#8221;4.16&#8243; _module_preset=&#8221;default&#8221; global_colors_info=&#8221;{}&#8221;][et_pb_column type=&#8221;1_3&#8243; _builder_version=&#8221;4.16&#8243; _module_preset=&#8221;default&#8221; global_colors_info=&#8221;{}&#8221;][et_pb_text _builder_version=&#8221;4.16&#8243; _module_preset=&#8221;default&#8221; global_colors_info=&#8221;{}&#8221;]<\/p>\n<p>Onnea, suukkoja ja halauksia,<\/p>\n<p>kukkia, aurinkoa ja lahjoja.<\/p>\n<p>Hyv\u00e4\u00e4 is\u00e4np\u00e4iv\u00e4\u00e4!<\/p>\n<p>\u2013 eKukka.fi \u2013<\/p>\n<p>[\/et_pb_text][\/et_pb_column][et_pb_column type=&#8221;1_3&#8243; _builder_version=&#8221;4.16&#8243; _module_preset=&#8221;default&#8221; global_colors_info=&#8221;{}&#8221;][et_pb_text _builder_version=&#8221;4.16&#8243; _module_preset=&#8221;default&#8221; global_colors_info=&#8221;{}&#8221;]<\/p>\n<p>Meid\u00e4n isi on viisas,<br \/>maistuu sille makkara ja piiras.<\/p>\n<p>Meid\u00e4n isi on voimakas,<br \/>\u00e4iti on todella onnekas.<\/p>\n<p>Meid\u00e4n isi on kiltti,<br \/>yht\u00e4 l\u00e4mmin kuin viltti.<\/p>\n<p>Meid\u00e4n isi on paras,<br \/>meille kaikille niin rakas!<\/p>\n<p>\u2013 eKukka.fi \u2013<\/p>\n<p>[\/et_pb_text][\/et_pb_column][et_pb_column type=&#8221;1_3&#8243; _builder_version=&#8221;4.16&#8243; _module_preset=&#8221;default&#8221; global_colors_info=&#8221;{}&#8221;][et_pb_text _builder_version=&#8221;4.16&#8243; _module_preset=&#8221;default&#8221; global_colors_info=&#8221;{}&#8221;]<\/p>\n<p>Onnea, onnea, onnea vaan!<\/p>\n<p>Sylin t\u00e4ydelt\u00e4 kukkia haluan sinulle, is\u00e4 rakas, ojentaa!<\/p>\n<p>\u2013 eKukka.fi \u2013<\/p>\n<p>[\/et_pb_text][\/et_pb_column][\/et_pb_row][\/et_pb_section][et_pb_section fb_built=&#8221;1&#8243; _builder_version=&#8221;4.16&#8243; _module_preset=&#8221;default&#8221; global_colors_info=&#8221;{}&#8221;][et_pb_row column_structure=&#8221;1_3,1_3,1_3&#8243; _builder_version=&#8221;4.16&#8243; _module_preset=&#8221;default&#8221; global_colors_info=&#8221;{}&#8221;][et_pb_column type=&#8221;1_3&#8243; _builder_version=&#8221;4.16&#8243; _module_preset=&#8221;default&#8221; global_colors_info=&#8221;{}&#8221;][et_pb_text _builder_version=&#8221;4.16&#8243; _module_preset=&#8221;default&#8221; global_colors_info=&#8221;{}&#8221;]<\/p>\n<p>Hei vaari haluamme nyt juhlistaa,<br \/>Sinua pitk\u00e4n el\u00e4m\u00e4n kulkijaa.<\/p>\n<p>Sinulla on paljon neuvoja hyvi\u00e4,<br \/>ne ovat kuin kultajyvi\u00e4.<\/p>\n<p>Olet opettanut meit\u00e4 paljon,<br \/>siit\u00e4 haluamme kiitt\u00e4\u00e4 nyt Sinua.<\/p>\n<p>Vierell\u00e4s olo ei koskaan ole turvaton,<br \/>niin ihanasti Sin\u00e4 suojelet minua.<\/p>\n<p>Hyv\u00e4\u00e4 is\u00e4np\u00e4iv\u00e4\u00e4!<\/p>\n<p>&#8211; eKukka.fi &#8211;<\/p>\n<p>[\/et_pb_text][\/et_pb_column][et_pb_column type=&#8221;1_3&#8243; _builder_version=&#8221;4.16&#8243; _module_preset=&#8221;default&#8221; global_colors_info=&#8221;{}&#8221;][et_pb_text _builder_version=&#8221;4.16&#8243; _module_preset=&#8221;default&#8221; global_colors_info=&#8221;{}&#8221;]<\/p>\n<p>Pappa korjaa auton ja mopon,<br \/>h\u00e4n on kuin Pelle Peloton.<\/p>\n<p>On pappa viisas ja vankka,<br \/>mutta yht\u00e4 h\u00f6ps\u00f6 kuin Aku Ankka.<\/p>\n<p>Papalta l\u00f6ytyy vastaus kysymyksiini,<br \/>h\u00e4n on yht\u00e4 reipas kuin Mikki hiiri.<\/p>\n<p>On papalla syd\u00e4n paikallaan,<br \/>p\u00e4ihitt\u00e4isi h\u00e4n Karhukoplan yhdell\u00e4 sormellaan.<\/p>\n<p>Nyt maistuu papalle kakku ja kahvi,<br \/>on h\u00e4n yht\u00e4 onnekas kuin Hannu Hanhi!<\/p>\n<p>&#8211; eKukka.fi &#8211;<\/p>\n<p>[\/et_pb_text][\/et_pb_column][et_pb_column type=&#8221;1_3&#8243; _builder_version=&#8221;4.16&#8243; _module_preset=&#8221;default&#8221; global_colors_info=&#8221;{}&#8221;][et_pb_text _builder_version=&#8221;4.16&#8243; _module_preset=&#8221;default&#8221; global_colors_info=&#8221;{}&#8221;]<\/p>\n<p>Onnea is\u00e4!<\/p>\n<p>T\u00e4n\u00e4\u00e4n on sinun p\u00e4iv\u00e4si loistaa,<br \/>halaukset ja pusut stressin poistaa.<\/p>\n<p>Kukkia ja lahjoja sylin t\u00e4ydelt\u00e4 annamme,<br \/>n\u00e4in me nyt sinua kiit\u00e4mme.<\/p>\n<p>Hyv\u00e4\u00e4 is\u00e4np\u00e4iv\u00e4\u00e4!<\/p>\n<p>&#8211; eKukka.fi &#8211;\u00a0<\/p>\n<p>[\/et_pb_text][\/et_pb_column][\/et_pb_row][\/et_pb_section][et_pb_section fb_built=&#8221;1&#8243; _builder_version=&#8221;4.16&#8243; _module_preset=&#8221;default&#8221; background_color=&#8221;#fafafa&#8221; global_colors_info=&#8221;{}&#8221;][et_pb_row column_structure=&#8221;1_2,1_2&#8243; _builder_version=&#8221;4.16&#8243; _module_preset=&#8221;default&#8221; global_colors_info=&#8221;{}&#8221;][et_pb_column type=&#8221;1_2&#8243; _builder_version=&#8221;4.16&#8243; _module_preset=&#8221;default&#8221; global_colors_info=&#8221;{}&#8221;][et_pb_image src=&#8221;https:\/\/ekukka.fi\/wp2\/wp-content\/uploads\/2023\/02\/kimppu-isalle-1.jpg&#8221; _builder_version=&#8221;4.21.0&#8243; _module_preset=&#8221;default&#8221; global_colors_info=&#8221;{}&#8221;][\/et_pb_image][\/et_pb_column][et_pb_column type=&#8221;1_2&#8243; _builder_version=&#8221;4.16&#8243; _module_preset=&#8221;default&#8221; global_colors_info=&#8221;{}&#8221;][et_pb_text _builder_version=&#8221;4.16&#8243; text_font=&#8221;|300|||||||&#8221; text_font_size=&#8221;18px&#8221; text_line_height=&#8221;1.8em&#8221; animation_style=&#8221;fade&#8221; animation_direction=&#8221;bottom&#8221; animation_starting_opacity=&#8221;100%&#8221; global_colors_info=&#8221;{}&#8221;]<\/p>\n<p style=\"text-align: center;\"><em><strong>Isi on kuin nalle,<\/strong><\/em><em><strong><\/strong><\/em><\/p>\n<p style=\"text-align: center;\"><em><strong>halin j\u00e4lkeen olo tuntuu paremmalle.<\/strong><\/em><\/p>\n<p style=\"text-align: center;\"><em><strong>Isi on tuki ja turva,<\/strong><\/em><\/p>\n<p style=\"text-align: center;\"><em><strong>aina auttamassa ja opastamassa.<\/strong><\/em><\/p>\n<p style=\"text-align: center;\"><em><strong>Kiitos isi, olet rakas.<\/strong><\/em><\/p>\n<p style=\"text-align: center;\"><em><strong>Hyv\u00e4\u00e4 is\u00e4np\u00e4iv\u00e4\u00e4!<\/strong><\/em><\/p>\n<p style=\"text-align: center;\"><em><strong>&#8211; eKukka.fi &#8211;<\/strong><\/em><\/p>\n<p>[\/et_pb_text][\/et_pb_column][\/et_pb_row][\/et_pb_section]<\/p>\n","protected":false},"excerpt":{"rendered":"<p><div class=\"et_pb_module lwp_divi_breadcrumbs lwp_divi_breadcrumbs_0\">\n\t\t\t\t\n\t\t\t\t\n\t\t\t\t\n\t\t\t\t\n\t\t\t\t\n\t\t\t\t\n\t\t\t\t<div class=\"et_pb_module_inner\">\n\t\t\t\t\t<div class=\"lwp-breadcrumbs\"> <span class=\"before\"><\/span> <span vocab=\"https:\/\/schema.org\/\" typeof=\"BreadcrumbList\"><span property=\"itemListElement\" typeof=\"ListItem\"><a property=\"item\" typeof=\"WebPage\" href=\"https:\/\/ekukka.fi\/wp2\/\" class=\"home\"><span property=\"name\">Etusivu<\/span><\/a><meta property=\"position\" content=\"1\"><\/span> <span class=\"separator et-pb-icon\">&#x39;<\/span> <\/span><\/div>\n\t\t\t\t<\/div>\n\t\t\t<\/div>Kukat kertovat enemm\u00e4n kuin tuhat sanaa, mutta kukkal\u00e4hetykseen liitetty runo viimeistelee yll\u00e4tyksen. Kerro is\u00e4lle tunteistasi runojen avulla.\u00a0 Is\u00e4np\u00e4iv\u00e4runot kruunaavat t\u00e4rke\u00e4n p\u00e4iv\u00e4n. Runoja on kiva lukea ja niit\u00e4 voi kokeilla kirjoittaa my\u00f6s itse. Rakkaalta l\u00e4himm\u00e4iselt\u00e4 saatu runo l\u00e4mmitt\u00e4\u00e4 mielt\u00e4 \u2013 lapselta is\u00e4lle tai vaimolta miehelle, runojen sis\u00e4lt\u00f6 kertoo kiitollisuudestasi ja rakkaudestasi. Liit\u00e4<a class=\"moretag\" href=\"https:\/\/ekukka.fi\/wp2\/vinkit\/isanpaivakukat\/runoja-isalle\/\"\u00bb Lue lis\u00e4\u00e4<\/a><\/p>\n","protected":false},"author":5,"featured_media":0,"parent":18820,"menu_order":0,"comment_status":"closed","ping_status":"closed","template":"","meta":{"_acf_changed":false,"_et_pb_use_builder":"on","_et_pb_old_content":"","_et_gb_content_width":"","inline_featured_image":false,"footnotes":""},"sivujen_kategoriat":[],"class_list":["post-20177","page","type-page","status-publish","hentry"],"acf":[],"_links":{"self":[{"href":"https:\/\/ekukka.fi\/wp2\/wp-json\/wp\/v2\/pages\/20177","targetHints":{"allow":["GET"]}}],"collection":[{"href":"https:\/\/ekukka.fi\/wp2\/wp-json\/wp\/v2\/pages"}],"about":[{"href":"https:\/\/ekukka.fi\/wp2\/wp-json\/wp\/v2\/types\/page"}],"author":[{"embeddable":true,"href":"https:\/\/ekukka.fi\/wp2\/wp-json\/wp\/v2\/users\/5"}],"replies":[{"embeddable":true,"href":"https:\/\/ekukka.fi\/wp2\/wp-json\/wp\/v2\/comments?post=20177"}],"version-history":[{"count":22,"href":"https:\/\/ekukka.fi\/wp2\/wp-json\/wp\/v2\/pages\/20177\/revisions"}],"predecessor-version":[{"id":34640,"href":"https:\/\/ekukka.fi\/wp2\/wp-json\/wp\/v2\/pages\/20177\/revisions\/34640"}],"up":[{"embeddable":true,"href":"https:\/\/ekukka.fi\/wp2\/wp-json\/wp\/v2\/pages\/18820"}],"wp:attachment":[{"href":"https:\/\/ekukka.fi\/wp2\/wp-json\/wp\/v2\/media?parent=20177"}],"wp:term":[{"taxonomy":"sivujen_kategoriat","embeddable":true,"href":"https:\/\/ekukka.fi\/wp2\/wp-json\/wp\/v2\/sivujen_kategoriat?post=20177"}],"curies":[{"name":"wp","href":"https:\/\/api.w.org\/{rel}","templated":true}]}}